*d + d + 213. List the prime factors of o.
11, 19
What are the prime factors of -3*1*1 + 33 + -27 + 19048?
19051
Let t = 241 + -235. List the prime factors of -1 + t - 1 - -1*165.
13
Suppose -7 = 3*j + 5, -2*l = 5*j - 636. Let p = 8031 - 8226. Let u = p + l. List the prime factors of u.
7, 19
List the prime factors of (-24)/(-384) - 10070/(-160).
3, 7
Suppose 85*w - 790115 = 20*w + 32655. List the prime factors of w.
2, 6329
Let f = 137 + -139. What are the prime factors of f + (-795)/(-5 - 0)?
157
List the prime factors of 30/(-20)*3900832/(-156).
2, 9377
Let p be (-400)/12*(-12)/4. Let j = p - 96. Suppose j*t = 3*b - 114, 0 = 2*b + 3*t - 0*t - 59. What are the prime factors of b?
2, 17
Suppose 1 = j, 4*a - 18040 - 8673 = -j. List the prime factors of a.
2, 3, 7, 53
Suppose -l = o, -2*o - 4*l - 2 = 2. Suppose -3*q = o*q + 40. What are the prime factors of (q - -6)/(1*(-2)/39)?
3, 13
Suppose 6*w = -2*w + 15514 - 3898. List the prime factors of w.
2, 3, 11
Let i(t) = -744*t**3 - 70*t - 139. What are the prime factors of i(-2)?
5953
Suppose -352*w = -390*w + 127414. What are the prime factors of w?
7, 479
Let m = -54796 + 80083. What are the prime factors of m?
3, 8429
Let i(p) = p**3 - 19*p**2 - 2*p + 42. Let r be i(19). Suppose 28 = r*q - 44. Let z = 62 - q. List the prime factors of z.
2, 11
Let t be (10/6 - 3)*-3. Let a be (-1 - 3/2*t)*587. List the prime factors of (-2)/5 + a/(-35).
3, 13
List the prime factors of -8 - ((-10)/8 - 584445/188).
2, 3, 11, 47
List the prime factors of 2 - 2 - (-8322 + -55).
8377
Let y = 2230 - -17330. List the prime factors of y.
2, 3, 5, 163
Suppose -812007 = 130*v - 193*v. What are the prime factors of v?
12889
Suppose 5*k + 2*o - 151808 = -16543, 5*o = -k + 27030. List the prime factors of k.
5, 7, 773
Let g(r) = 4042*r**2 + 58*r - 8. What are the prime factors of g(2)?
2, 13, 313
Let w(b) = 1165*b + 228. List the prime factors of w(35).
131, 313
Let c(s) = 171*s**2 + 133*s - 27. List the prime factors of c(7).
9283
Suppose 139*l = 80*l + 105*l - 2566708. List the prime factors of l.
2, 23, 1213
Let n = 228 + -225. Suppose z = -n*z + 2*k + 1216, -4*k + 1240 = 4*z. List the prime factors of z.
2, 3, 17
Let k = 410 + -146. Let f(b) = b**2 - 2*b - 173. Let r be f(0). Let g = k + r. What are the prime factors of g?
7, 13
Let x(d) = -230*d - 274. Let v(o) = 10*o - 14. Let t be v(1). What are the prime factors of x(t)?
2, 17, 19
Let f be 2 + -1 - (-11 + 11/11). Suppose 0 = f*n + 2*n - 22815. What are the prime factors of n?
3, 5, 13
Suppose 7*z = 141 - 197. List the prime factors of (z + 113)*(-24)/(-5).
2, 3, 7
Suppose 30*m - 1160275 + 626740 - 875415 = 0. List the prime factors of m.
3, 5, 31, 101
Let v be ((-6)/21)/((-24)/21 + 1). Suppose -9*p = -v*p - 14. Suppose -2*a = n - 3*a - 221, 5*n - 1099 = p*a. List the prime factors of n.
3, 73
Suppose -6607 = -f - 1832. What are the prime factors of f?
5, 191
Let d(y) = 3*y**2 - 5*y + 29. Let x(l) = -9*l**2 + 12*l - 58. Let h(p) = -7*d(p) - 3*x(p). Let f = 10 + -17. List the prime factors of h(f).
2, 17
Suppose -38*c + 40*c - 12150 = 0. Suppose 9*y = -0*y - c. List the prime factors of (y/(-10) - 6)*(-2)/(-1).
3, 41
Let n be (0 + -1)/((-4)/20). Suppose 3*l + 147 = 5*l - 5*q, -351 = -n*l - 4*q. What are the prime factors of l?
71
List the prime factors of (-11)/((-616)/240)*(-3199)/(-2).
3, 5, 457
Let t = 9 + 4. Suppose t*d = 4273 + 1512. What are the prime factors of d?
5, 89
Suppose -29*i = -26*i - 3. Let l(s) = 1100*s - 15. List the prime factors of l(i).
5, 7, 31
Suppose -44*v - 120 = -45*v. Let a = v - 6. List the prime factors of a.
2, 3, 19
Let o(z) = 5*z**2 - 41*z - 41. List the prime factors of o(27).
11, 227
Let g = -3318 - -7806. What are the prime factors of g?
2, 3, 11, 17
Suppose -87*k + 2870718 = 978120. List the prime factors of k.
2, 73, 149
Let k = -19996 + 35684. What are the prime factors of k?
2, 37, 53
Suppose -l + 39382 = w, 6*w - 9530 = -l + 29832. What are the prime factors of l?
2, 47, 419
Let c(d) = d**3 + 20*d**2 + 29*d - 81. Let f be c(-18). What are the prime factors of f/3 + 8*7/56?
2
Suppose 0 = -34*j + 35*j - 8. Suppose l - 281 = j. List the prime factors of l.
17
Let c be ((-6025)/2)/(3 - (-28)/(-8)). Suppose -355*r - c = -360*r. What are the prime factors of r?
5, 241
Let o = -88 + 159. Suppose -75*n = -o*n - 900. List the prime factors of n.
3, 5
Let g = 18904 + -12938. What are the prime factors of g?
2, 19, 157
Suppose k = 4*c + 29, -2*c - 6 = k + 13. Let l be c/68 + (-140)/(-34). Suppose 0 = -l*o + p + 57 + 4, 4*p = -4*o + 76. What are the prime factors of o?
2
Let u(j) = 3*j**2 + 8*j - 39. Let c be u(9). Let q be c + (0 + 2 - -2 - 8). Let h = -83 + q. List the prime factors of h.
3, 7
Suppose 42*i + 220 = -1124. What are the prime factors of 6/9*5*(-1008)/i?
3, 5, 7
Let r = -40 - -46. Suppose -n - 2*a = 4, -3*n + a = n + 7. What are the prime factors of 218/(r/3) - n?
3, 37
Let v(a) = 3*a**2 + 22*a - 23. Let x be (4 - (-28)/(-10))/((-8)/160). What are the prime factors of v(x)?
11, 107
Let a(s) = s**3 - 51*s**2 + 99*s + 106. List the prime factors of a(50).
2, 3, 71
Suppose -92*f = 84*f - 190*f + 671356. What are the prime factors of f?
2, 23977
Suppose -f + 8 = -2*f. Let t be (-2)/f + (-333)/36. List the prime factors of ((-24)/t)/(3/27).
2, 3
Let q = -3256 + 3262. Suppose -19 - 53 = -4*j. Let w = q + j. List the prime factors of w.
2, 3
Let k = -86 - -265. Let n = k + -100. List the prime factors of n.
79
Suppose -43*q + 5*q + 3922656 = 49*q. What are the prime factors of q?
2, 1409
Let f(i) be the third derivative of 23*i**4/12 - 1885*i**2. Suppose -5*b + 8*r = 3*r - 5, -5 = -5*b - 2*r. What are the prime factors of f(b)?
2, 23
Let i = 17906 - -4196. What are the prime factors of i?
2, 43, 257
Let a = 275 + -277. List the prime factors of ((-10746)/36 + 0 + a)*-2.
601
Let o(d) = -105*d + 1947. List the prime factors of o(-41).
2, 3, 521
Let k(t) = -22658*t**3 - 10*t**2 - 8*t + 2. What are the prime factors of k(-1)?
2, 11329
Let p be ((-1287)/(-55))/((-2)/(-130)) + 3. Suppose 705*f = 701*f + p. What are the prime factors of f?
3, 127
List the prime factors of 20/130 - (4/(-12))/(26/2751204).
2, 4409
Let m(g) = -13*g**3 + 7*g**2 + 92*g + 103. Let h(j) = 3*j**3 - 2*j**2 - 23*j - 26. Let k(c) = -9*h(c) - 2*m(c). What are the prime factors of k(-10)?
2, 599
Suppose 0 = 2*y - 10*y - 360. What are the prime factors of (1 - y)*(-3)/6*-22?
2, 11, 23
Suppose 0 = 3*f + 161 - 494. Let r = f - 14. Let v = r - 45. What are the prime factors of v?
2, 13
Suppose 16*w + 3*k + 388296 = 21*w, 0 = 5*w - 8*k - 388331. What are the prime factors of w?
3, 5, 31, 167
Let o = -186 - -188. Suppose -2*l = -0*l - 10, o*a - 356 = -2*l. What are the prime factors of a?
173
Suppose 2*i = -3 + 9. Suppose p + 2 - 5 = -u, -i*p - 3 = -u. Suppose -s + 20 = -5*m, 3*m - m = p. What are the prime factors of s?
2, 5
Let u be 4/(-6)*-24*4. Let b = 402 - u. Suppose -4*t = b - 1014. What are the prime factors of t?
13
Let y(l) = 19*l**2 + 6*l + 3. Let j be y(-1). Suppose -2*a - 2352 = -4*s, -4*s - j*a = -12*a - 2364. List the prime factors of s.
19, 31
Let o(h) = 6*h. Let g be o(0). Suppose -5*u + 0*f - f = -91, u + 4*f - 3 = g. Let z = u + 1. List the prime factors of z.
2, 5
Let i(f) be the third derivative of f**6/120 + 5*f**5/12 + 49*f**4/24 + 7*f**3 - 4*f**2 + 9*f. List the prime factors of i(-21).
3, 7, 37
Let j = -545 - -853. Suppose -3*p - 5*l + 368 = 0, 3*p = 4*p + 4*l - 132. Let v = j - p. What are the prime factors of v?
2, 3
Let w = 18469 + -13470. List the prime factors of w.
4999
Let w = 304 + -146. Suppose 0 = 5*g - 1148 + w. What are the prime factors of g?
2, 3, 11
What are the prime factors of (5448664/(-364))/(12/(-42))?
52391
Suppose -87 = -9*q - 15. Suppose -q*j + 15870 = 7*j. What are the prime factors of j?
2, 23
Suppose 4*k - 4*u - 61856 + 12400 = 0, k = -u + 12382. List the prime factors of k.
12373
Let u(g) = g - 8. Let x(m) = -m + 7. Let w(b) = -4*u(b) - 5*x(b). Let l be w(9). Suppose 0 = 4*h + 9*f - l*f - 825, f = 2*h - 425. List the prime factors of h.
2, 3, 5, 7
Suppose 0 = 4*b - 3*l - 1678, b + l - 415 = 4*l. Let g = 629 - b. List the prime factors of g.
2, 13
Suppose 4*u = 3*l - 76797, l - 31*u - 25603 = -29*u. List the prime fact